git of 1037?
1
What is the tens digit of 2211?
1
What is the units digit of 5267?
7
What is the thousands digit of 10735?
0
What is the tens digit of 548?
4
What is the tens digit of 130900?
0
What is the thousands digit of 56299?
6
What is the units digit of 28657?
7
What is the thousands digit of 3189?
3
What is the units digit of 16409?
9
What is the tens digit of 4587?
8
What is the hundreds digit of 799?
7
What is the hundreds digit of 6478?
4
What is the tens digit of 10253?
5
What is the units digit of 72374?
4
What is the units digit of 4279?
9
What is the tens digit of 151908?
0
What is the ten thousands digit of 28043?
2
What is the thousands digit of 1038?
1
What is the tens digit of 50690?
9
What is the tens digit of 1789?
8
What is the units digit of 15147?
7
What is the tens digit of 5067?
6
What is the tens digit of 7196?
9
What is the hundreds digit of 1844?
8
What is the hundreds digit of 5697?
6
What is the ten thousands digit of 18087?
1
What is the ten thousands digit of 26928?
2
What is the ten thousands digit of 12533?
1
What is the hundreds digit of 1388?
3
What is the thousands digit of 51591?
1
What is the thousands digit of 35581?
5
What is the tens digit of 2011?
1
What is the hundred thousands digit of 166928?
1
What is the tens digit of 45162?
6
What is the tens digit of 2844?
4
What is the ten thousands digit of 38375?
3
What is the thousands digit of 1494?
1
What is the hundreds digit of 28022?
0
What is the units digit of 10138?
8
What is the thousands digit of 3102?
3
What is the ten thousands digit of 16115?
1
What is the hundreds digit of 68629?
6
What is the units digit of 8029?
9
What is the ten thousands digit of 16573?
1
What is the units digit of 79975?
5
What is the hundred thousands digit of 136116?
1
What is the thousands digit of 37168?
7
What is the hundreds digit of 1614?
6
What is the tens digit of 6376?
7
What is the hundreds digit of 13520?
5
What is the units digit of 1853?
3
What is the ten thousands digit of 59752?
5
What is the units digit of 4421?
1
What is the tens digit of 99647?
4
What is the tens digit of 3200?
0
What is the hundreds digit of 94872?
8
What is the tens digit of 12500?
0
What is the units digit of 766?
6
What is the hundreds digit of 531?
5
What is the units digit of 125145?
5
What is the hundreds digit of 14933?
9
What is the tens digit of 7314?
1
What is the tens digit of 836?
3
What is the units digit of 309?
9
What is the hundreds digit of 61119?
1
What is the tens digit of 3991?
9
What is the thousands digit of 2743?
2
What is the tens digit of 1419?
1
What is the thousands digit of 17234?
7
What is the thousands digit of 95930?
5
What is the tens digit of 9778?
7
What is the units digit of 2863?
3
What is the ten thousands digit of 19229?
1
What is the hundreds digit of 390?
3
What is the hundreds digit of 809?
8
What is the hundreds digit of 25796?
7
What is the hundreds digit of 8278?
2
What is the hundreds digit of 6499?
4
What is the tens digit of 827?
2
What is the units digit of 2991?
1
What is the ten thousands digit of 153885?
5
What is the units digit of 48483?
3
What is the units digit of 2679?
9
What is the units digit of 9635?
5
What is the thousands digit of 1841?
1
What is the ten thousands digit of 175684?
7
What is the units digit of 23773?
3
What is the thousands digit of 47936?
7
What is the tens digit of 10651?
5
What is the thousands digit of 4150?
4
What is the tens digit of 33154?
5
What is the thousands digit of 1443?
1
What is the hundred thousands digit of 130170?
1
What is the hundreds digit of 7826?
8
What is the hundreds digit of 2120?
1
What is the thousands digit of 6141?
6
What is the tens digit of 1258?
5
What is the units digit of 594?
4
What is the tens digit of 6729?
2
What is the hundreds digit of 6709?
7
What is the tens digit of 103?
0
What is the tens digit of 8284?
8
What is the tens digit of 182?
8
What is the tens digit of 25618?
1
What is the hundreds digit of 6694?
6
What is the hundreds digit of 39663?
6
What is the hundreds digit of 4284?
2
What is the units digit of 148?
8
What is the units digit of 1655?
5
What is the hundred thousands digit of 111085?
1
What is the tens digit of 25442?
4
What is the thousands digit of 1562?
1
What is the tens digit of 13226?
2
What is the hundreds digit of 27717?
7
What is the hundreds digit of 5698?
6
What is the units digit of 2845?
5
What is the units digit of 6?
6
What is the thousands digit of 3972?
3
What is the thousands digit of 1082?
1
What is the ten thousands digit of 14930?
1
What is the hundreds digit of 5226?
2
What is the hundreds digit of 12779?
7
What is the hundreds digit of 137?
1
What is the hundreds digit of 620?
6
What is the thousands digit of 26018?
6
What is the tens digit of 230?
3
What is the tens digit of 2700?
0
What is the thousands digit of 3616?
3
What is the tens digit of 14218?
1
What is the tens digit of 3449?
4
What is the units digit of 48096?
6
What is the tens digit of 443?
4
What is the tens digit of 12463?
6
What is the thousands digit of 2907?
2
What is the thousands digit of 2757?
2
What is the hundreds digit of 22682?
6
What is the units digit of 7721?
1
What is the hundreds digit of 1003?
0
What is the thousands digit of 23749?
3
What is the units digit of 1526?
6
What is the thousands digit of 1328?
1
What is the units digit of 9140?
0
What is the tens digit of 1399?
9
What is the ten thousands digit of 12071?
1
What is the units digit of 3391?
1
What is the tens digit of 14509?
0
What is the units digit of 28467?
7
What is the tens digit of 6058?
5
What is the thousands digit of 12994?
2
What is the ten thousands digit of 10454?
1
What is the tens digit of 2476?
7
What is the units digit of 80783?
3
What is the units digit of 2118?
8
What is the units digit of 829?
9
What is the units digit of 131183?
3
What is the thousands digit of 5156?
5
What is the ten thousands digit of 13066?
1
What is the tens digit of 1539?
3
What is the units digit of 5631?
1
What is the tens digit of 6545?
4
What is the tens digit of 1830?
3
What is the tens digit of 3043?
4
What is the ten thousands digit of 53547?
5
What is the units digit of 2407?
7
What is the tens digit of 2439?
3
What is the ten thousands digit of 29858?
2
What is the hundreds digit of 35006?
0
What is the units digit of 543?
3
What is the units digit of 13596?
6
What is the ten thousands digit of 12807?
1
What is the tens digit of 456?
5
What is the thousands digit of 23589?
3
What is the hundreds digit of 27684?
6
What is the units digit of 23667?
7
What is the hundreds digit of 17907?
9
What is the thousands digit of 6577?
6
What is the units digit of 526?
6
What is the tens digit of 3680?
8
What is the hundreds digit of 6596?
5
What is the units digit of 1882?
2
What is the thousands digit of 4402?
4
What is the thousands digit of 1154?
1
What is the units digit of 6965?
5
What is the hundreds digit of 2832?
8
What is the hundreds digit of 1515?
5
What is the tens digit of 4652?
5
What is the tens digit of 497?
9
What is the thousands digit of 2001?
2
What is the hundreds digit of 10144?
1
What is the thousands digit of 29848?
9
What is the tens digit of 1032?
3
What is the units digit of 20301?
1
What is the hundreds digit of 139647?
6
What is the tens digit of 7525?
2
What is the hundreds digit of 5683?
6
What is the ten thousands digit of 16844?
1
What is the hundreds digit of 4567?
5
What is the hundreds digit of 2733?
7
What is the thousands digit of 3417?
3
What is the tens digit of 7617?
1
What is the thousands digit of 133019?
3
What is the thousands digit of 2376?
2
What is the tens digit of 4502?
0
What is the units digit of 14618?
8
What is the units digit of 4502?
2
What is the tens digit of 4545?
4
What is the tens digit of 178?
7
What is the hundreds digit of 13892?
8
What is the thousands digit of 90609?
0
What is the hundreds digit of 3727?
7
What is the units digit of 661?
1
What is the tens digit of 229?
2
What is the hundreds digit of 897?
8
What is the hundreds digit of 6159?
1
What is the hundreds digit of 157246?
2
What is the units digit of 4357?
7
What is the ten thousands digit of 10928?
1
What is the tens digit of 11997?
9
What is the tens digit of 10392